 + w + 1. Give o(i).
7
Let g(z) = -4*z. Suppose 0 = a + a + 2. Calculate g(a).
4
Let i be 2/8 - 7/(-4). Let n(l) = -1 - l**2 - 2*l**2 + 4*l**i. Let x(g) = -g**2. Let t(w) = n(w) + 2*x(w). Determine t(-2).
-5
Let w(x) = -5*x - 7. Let v be w(-4). Suppose 15*j - v*j = -2. Let f(i) = -11*i - 1. Give f(j).
10
Let h(i) be the second derivative of -i**3/6 + 3*i**2/2 + 7*i. Give h(6).
-3
Let d = 3 + -3. Suppose d*n = -3*n + 18. Let f(a) = -a**3 + 7*a**2 - 7*a + 1. What is f(n)?
-5
Let l(k) = k - 6. Let i(m) = m + 1. Let f(p) = -5*i(p) - l(p). What is f(-1)?
7
Let c(p) = -p**3 - 3*p**2 + 4. Let s be (-6)/15*(-1 - 29). Let m be (1/(-2))/(2/s). What is c(m)?
4
Let v(d) = d - 7. Let w be v(13). Let t(g) = -3 - 7*g**3 + w*g**3 - g**2 + 1 + g. Determine t(0).
-2
Suppose 8*q + 0 - 16 = 0. Let b(w) = -4 - 2*w - w + w + 4*w**2 + 2. Give b(q).
10
Let p = 7 + -4. Let x(s) = s - 1. Determine x(p).
2
Let h(d) be the first derivative of d**2 + 3*d - 10. Determine h(-2).
-1
Let h(t) be the second derivative of -t**7/840 - t**6/240 - t**5/40 - t**4/12 + t. Let x(a) be the third derivative of h(a). Let z = -3 + 1. Determine x(z).
-9
Let m(o) = o + 16. Let x be m(-12). Let r(d) = -8*d**2 + 9*d**2 - x*d - 2*d**2. What is r(-4)?
0
Suppose -15 = -2*u - 11. Let f be (12/u)/((-18)/12). Let h(l) = -l**2 - 4*l + 4. Give h(f).
4
Let l(q) = -q**2 + 5*q + 1. Let f be l(6). Let j(r) = -r**2 - 3*r - 3. Give j(f).
-13
Let y(i) = i + 4. Let n be y(-9). Let d(a) = a**2 + 7*a - 4. Let c(q) = q. Let w(u) = -6*c(u) + d(u). Give w(n).
16
Let n(l) = 5. Let g(c) = c**2 + c + 16. Let w(o) = 2*g(o) - 7*n(o). Let q(t) be the first derivative of w(t). Calculate q(-3).
-10
Suppose 3 - 9 = d. Let v = 8 + d. Suppose -v*i = 3*y, -2*i + 5*i - 4*y = 17. Let n(x) = 2*x + 1. Calculate n(i).
7
Let k be 4/(-14) - (-3 + (-12)/42). Let t(h) = -h**3 + 5*h**2 - 4*h + 3. Determine t(k).
9
Let s(a) = -a**2 - 5*a + 1. Let u = 1 - 7. Let p be s(u). Let o(h) = h**3 + 4*h**2 - 6*h. Determine o(p).
5
Let k(c) be the second derivative of -c**5/40 + c**4/24 - c**3/6 + 2*c. Let g(o) be the second derivative of k(o). Determine g(2).
-5
Let z = 3 + 3. Suppose -z = -4*n + 14. Let t(y) = y**2 - 4*y - 7. Determine t(n).
-2
Let y(l) = l - 1. Let u(i) = 2*i**2 - 6*i + 1. Let z be u(3). Give y(z).
0
Suppose -22 = 9*c - 11*c. Let o(d) = -d + 6. What is o(c)?
-5
Let a(n) be the third derivative of n**5/60 - n**4/24 + n**3/3 + 18*n**2. What is a(0)?
2
Suppose 5*d = -1 - 4. Let p(w) be the second derivative of 0 + 0*w**2 - 2*w - 5/6*w**3. What is p(d)?
5
Let i be -6 - (1 - (-3 + 4)). Let z(u) = u**3 + 6*u**2 - 5. Calculate z(i).
-5
Let j(r) = -r + 1. Suppose -6*s - 21 = -2*s + 5*i, 10 = -5*s - 3*i. Let t be 3/(-2) - s/(-2). Let d = t - 3. What is j(d)?
5
Let d(v) be the third derivative of v**5/60 + v**4/12 - 5*v**3/6 + 29*v**2 + 2. Suppose -3*k - 3 = 9. What is d(k)?
3
Let y(j) be the second derivative of -j**5/20 + 5*j**4/12 - j**3/2 + 5*j**2/2 + 11*j. What is y(4)?
9
Let l = 3 + 0. Let w(d) = 0 + 4*d**2 + 0 + d**l + 4*d + 1. Let o be 39/(-15) + (-4)/10. Give w(o).
-2
Suppose 0*q - q + 8 = -4*g, -2 = -2*g - q. Let c(n) = 14*n**3 - n**2 - 2*n - 1. Calculate c(g).
-14
Let m(d) be the first derivative of 2*d + 1/3*d**3 + 1/2*d**4 + 1 + 1/2*d**2. Calculate m(-2).
-12
Let y = 0 - -8. Let h = -3 + y. Suppose h = 5*d - 10. Let z(w) = -w. What is z(d)?
-3
Let o(f) be the second derivative of -f**5/20 + f**4/12 + f**3/6 - 13*f**2/2 - 5*f. Give o(0).
-13
Let s(q) = q. Let y(u) = -6*u - 103. Let i be y(-18). Determine s(i).
5
Let k(a) = 3*a + 1. Suppose u + 8 = 5*c - 2*c, 4*u - 3*c = -59. Let m = 22 + u. Determine k(m).
16
Suppose -2*f - 9 - 3 = 0. Let o(a) = 2*a + 9. What is o(f)?
-3
Let t(b) = -4*b**2 - 6*b - 5. Let k(c) = 11*c**2 + 18*c + 15. Let v(s) = 3*k(s) + 8*t(s). Give v(-5).
0
Let l be 0 - 20/12*3. Let g(z) = -z**2 - 2*z + 1. What is g(l)?
-14
Suppose -17 = 3*y - 68. Let l(w) = -8*w - w + y*w - w**2 - 6. Determine l(6).
6
Let n(q) be the second derivative of -q**5/60 - q**4/4 - 2*q**3/3 - 3*q**2/2 + q. Let x(v) be the first derivative of n(v). What is x(-5)?
1
Let q(x) = x + 3. Let a be q(-7). Let l(b) = -b**3 - 3*b**2 - 2*b + 5. Give l(a).
29
Let w = 0 - 2. Let y = 3 - 1. Let l(s) = 3*s - s**2 + y*s + 2 - 2*s. Determine l(w).
-8
Let d(k) be the first derivative of -k**2 - 3*k + 44. Calculate d(-6).
9
Let v(b) be the first derivative of -b**3/3 - b**2/2 - 7*b - 19. Suppose n = 2*n. Determine v(n).
-7
Let r = 23 - 6. Let c be r/(-6) + 3/(-18). Let d(t) = -3*t - 2. Determine d(c).
7
Let o be (0 - 0)/((-1)/(-1)). Suppose 4*i - 3*n = 13, -3*i + 2*n = -o*n - 10. Let w be (-5)/i - 1/(-4). Let v(l) = 7*l. Give v(w).
-7
Let t = 8 + -8. Let m = t - -2. Let c(s) = -6*s - 1 - m + 6*s - s + s**2. What is c(3)?
3
Let o be 65/(-26)*8/5. Let j(n) = n**3 + 5*n**2 + 6*n + 5. Give j(o).
-3
Let q(y) be the third derivative of 0*y - 1/6*y**3 + 0 - 1/24*y**4 + 5*y**2. Give q(4).
-5
Suppose 41 = -4*h + 29. Let p(i) = i. Determine p(h).
-3
Suppose -4*m = -2*m + 6. Let s(p) = 7 - 2*p + 14 - 31 + 9. Determine s(m).
5
Let o(p) be the third derivative of -p**4/6 - p**3/6 - p**2. Let v(s) = -s**2 - 2*s + 1. Let r be v(0). Determine o(r).
-5
Let w = -13 - -7. Let c(h) = -42*h - 43*h + 86*h - 2. Give c(w).
-8
Let n(j) = -j**3 - 3*j**2 - 4*j - 15. Let t(o) = -o**3 - 2*o**2 - 3*o - 15. Let p(f) = -2*n(f) + 3*t(f). Give p(0).
-15
Let i = 10 + -6. Let w(y) be the third derivative of 10*y**2 + 0 - 1/8*y**4 + 2/3*y**3 + 0*y. Determine w(i).
-8
Let s(x) = -x + 1. Let w = 3 + -1. Suppose -w*q + 8 = -y - 7*q, y + 4*q + 6 = 0. Suppose -4*h = -0*l + 3*l - 6, -l - y*h = 0. Determine s(l).
-5
Let h = -2 - 0. Let w(o) = -o. Let t be w(h). Let v(x) = -3*x - 1. Calculate v(t).
-7
Suppose -3*o = -4*o + 4. Let i(z) be the third derivative of -1/60*z**5 + 0 + 5/6*z**3 + 1/6*z**4 - 3*z**2 + 0*z. Give i(o).
5
Let o(v) = -3*v**2 - 2*v + 2. Let b be (-4)/10 + 36/15 + -4. Determine o(b).
-6
Suppose -3*s = -2*h + 8, -6*s = -3*s + 3*h - 12. Let w(i) = i**2 + i - 2. What is w(s)?
-2
Let t(u) = u**3 + 3*u**2 + 4*u - 1. Let o = 9 - 12. Calculate t(o).
-13
Let u(m) be the third derivative of -m**6/120 + m**5/60 + m**4/6 - m**3/2 - 2*m**2. Let v = 1 - -1. Determine u(v).
1
Let f be -1 + 2 + 6 + -2. Suppose 12 = f*v - 2*j - 19, 2*v - 4 = -2*j. Let a(o) be the second derivative of -o**4/12 + o**3 + 3*o**2 - 8*o. Determine a(v).
11
Let h = -17 - -15. Let a(i) = -2*i**2 - 4*i - 3. Calculate a(h).
-3
Let c(f) = 7*f + 3. Let k be 1 + -7 + -2 + 2. Let j(q) = -6*q - 3. Let s(x) = k*j(x) - 5*c(x). Determine s(-5).
-2
Let k(a) = -2*a**3 - 5*a - 2. Let x(s) = s**2 + s. Let w(d) = k(d) + 4*x(d). Calculate w(2).
-4
Let f(x) = x**3 - 2*x**2 - 3. Let p be f(3). Suppose -9 - p = 5*y. Let q = -1 - y. Let j(d) = -2*d**3 + 4*d**2 - 3*d + 2. What is j(q)?
-4
Let z(r) = 2*r - 13. Let b be z(5). Let o(j) = j**3 + 2*j**2 + 4. Give o(b).
-5
Let s(f) be the third derivative of -1/12*f**4 + 3*f**2 - 1/120*f**6 + 0 + 1/15*f**5 + 1/2*f**3 + 0*f. Suppose 5*l - 4*y = y + 40, 2*y = l - 13. Give s(l).
6
Suppose -2*i = i + 15. Let x(w) = -4*w**3 - 9*w**2 - 6*w + 6. Let n(b) = -9*b**3 - 19*b**2 - 13*b + 13. Let o(u) = -3*n(u) + 7*x(u). Calculate o(i).
-7
Let p(r) = r**3 - 3*r**2 - 1. Let d(q) = 2*q**3 - 4*q**2 - 2. Let o(x) = 2*d(x) - 3*p(x). Let y be o(-1). Let j(h) = -7*h**3 - h**2 - h. What is j(y)?
7
Let g = 9 + -9. Suppose -4*s = h + 11, 4*h - s + 4 - 28 = g. Let f(m) = m + 1 + 0*m - h*m + 3*m**2 + m. Determine f(2).
7
Let u(d) = d**2 + 2 - 3*d**2 + d + 2*d**2 + 2*d**2. Calculate u(-2).
8
Let g(l) = -1. Let m(t) = 4*t**2 + 2*t - 2. Let h(v) = -g(v) + m(v). Suppose 2*i - 18 = -4*w, i + 4*w = -2*i + 19. Calculate h(i).
5
Let s(z) be the third derivative of -z**6/120 + z**2. Let i = 13 - 6. Let u = i + -6. Calculate s(u).
-1
Suppose 3*i + 2*x + 2 = 12, -i + 22 = -4*x. Let t be 2 - (1 - (1 + -1)). Suppose t = -g + i. Let v(w) = w**2 - 4*w + 1. What is v(g)?
6
Let z(t) = -t**2 - 1. Let x = 26 - 24. Give z(x).
-5
Let l(f) = -f**3 + 7*f**2 - 5*f - 3. Let v(r) = -5*r**3 + 29*r**2 - 19*r - 13. Let x(h) = -9*l(h) + 2*v(h). Suppose 3*o = 4*k + 2*o + 28, k + 10 = o. Give x(k).
-5
Let z(r) = 17*r**3 + r**2 + r + 1. Suppose -4*a = -5*a - 1. Give z(a).
-16
Let m(g) = -g - 1. Let q(r) = r**3 - 7*r**2 - 7. Let w be q(7). Let f 